mine c(-5).
-4
Suppose -c + 2*c + 3 = 0. Let s(p) = -p**2 - 3*p. Determine s(c).
0
Let n(t) = 7*t**2 + 8*t + 2. Let a(d) = d**2 + d + 1. Let f(k) = 5*a(k) - n(k). What is f(2)?
-11
Let b be 2 - (-3)/(3/(-2)). Let i(m) be the second derivative of 0 + m + 1/6*m**3 - 2*m**2. What is i(b)?
-4
Let u be (-4)/3*3/(-2). Let t(s) = -s + s**2 - 4*s**2 - 4*s**u. Let h be (-14)/28*(-2)/(-1). Determine t(h).
-6
Let j(n) = 5*n**3 + n**2 + 2*n + 1. Let w be (26 + 4)*4/10. Suppose -5*f + w - 2 = 0. Suppose f*q + 4 = -5*m - 3, -q = -m. What is j(q)?
-5
Let k(o) = -o - 2. Suppose 0 = -4*b + w - 16, -5*b + 3*w - 16 = 11. Calculate k(b).
1
Let x(c) = -c**3 - c**2 - c + 7. Let d be x(0). Let p(h) = h**3 - 7*h**2 + 4*h - 8. What is p(d)?
20
Let o(y) = -1 - 3 + 7 + 5*y. Suppose 4*h + 4 + 4 = 0. Give o(h).
-7
Let u(j) = 3 - 5 - j**2 - 8*j - 5. Calculate u(-6).
5
Let l(y) = -5*y + 3 - y**2 + 0*y + 2*y**2. What is l(6)?
9
Let o(k) = k + 1. Let g(h) = -12*h - 12. Let a(v) = 4*v + 4. Let z(q) = -17*a(q) - 6*g(q). Let m(x) = 18*o(x) - 4*z(x). Calculate m(2).
6
Let r = -14 - -18. Let m(s) = 2*s**2 - 7*s + 4. Calculate m(r).
8
Let r(n) be the second derivative of -n**5/20 + n**4/2 - n**3 - 3*n**2/2 - 4*n + 2. What is r(5)?
-8
Suppose 2*h = 3 + 1. Let w(g) = -g**2 + g + 2. Let m be w(h). Suppose 4*p - 5*s - 11 = m, -3*p + 12 = -2*s + 2. Let t(y) = -y**3 + 3*y**2 + 6*y - 6. Give t(p).
2
Let y(n) be the first derivative of n**2 + 2*n - 4 - 1/3*n**3. Determine y(3).
-1
Let l(f) = -f + 1. Let i(b) = -5*b + 1. Let u(a) = a**3 - 6*a**2 + 6*a - 4. Let p be u(5). Let v(d) = p*i(d) - 2*l(d). Determine v(1).
-4
Let g(j) = 5*j**2 + 6*j + 11. Let x(q) = -6*q**2 - 6*q - 12. Let p(l) = 7*g(l) + 6*x(l). Let o be (1 + -2 - -6) + 0. What is p(o)?
10
Suppose -5*g + 2*g = -9. Let a be 3/9 + 20/g. Let c(w) = -w + 10. Calculate c(a).
3
Let i = 17 - 12. Suppose 0 = y - 0*u - 3*u - 7, 5*y - 2*u - 48 = 0. Let c be 9/i - (-2)/y. Let a(m) = 6*m - 3. Determine a(c).
9
Let o(w) = w**2 - 3. Suppose 5*z - 20 = 2*a, 2*a + 11 = 2*z - 3. Give o(a).
22
Suppose -k + 2*r = -8, 2*k = 4*r - 9*r - 11. Let i(p) = 4*p + 3*p - 5 + k + 4. What is i(-1)?
-6
Let y(s) = 2*s - 1. Let x(k) = -3*k + 2. Let w(i) = -i + 1. Let g(z) = 2*w(z) - x(z). Let p(q) = -3*g(q) + 2*y(q). Let o = -2 - -2. Determine p(o).
-2
Suppose 4*r + 3 = r - 3*z, 0 = r - 4*z - 14. Let i be r/3*-3 - 1. Let k(j) = 1. Let m(b) = -b - 3. Let u(t) = -5*k(t) - 2*m(t). Calculate u(i).
-5
Let j be ((-24)/(-36))/(3/(-45)*1). Let o(a) = -a - 3. Determine o(j).
7
Let p(h) be the second derivative of h**5/20 - h**4/3 - 2*h**2 - 5*h. Give p(4).
-4
Let c = -9 + 4. Let x(n) = 1. Let b(z) = -4 - 4*z + 2*z - 3 + 0. Let d(l) = -b(l) - 6*x(l). Give d(c).
-9
Let a(y) be the first derivative of y**2 + 3*y + 17. Suppose 0 = -3*z, -g - 4*z - 2 = -z. Determine a(g).
-1
Let h be 9/(54/4)*-3. Let n(z) = -20*z + 11. Let f(y) = -13*y + 7. Let a(r) = -8*f(r) + 5*n(r). Calculate a(h).
-9
Let b(n) = n - 2. Let a be -1*(2 - 0) - 1. Let w(p) = -p**3 - 2*p**2 - 3*p. Let z be w(a). Suppose 0*i - z = -3*i. What is b(i)?
4
Let r(s) = -6*s**3 - 15*s**2 + 6*s + 1. Let p(w) = 5*w**3 + 14*w**2 - 6*w - 2. Let i = -4 - 3. Let u(n) = i*p(n) - 6*r(n). Determine u(7).
1
Let v(z) = -z**3 + 5*z**2 - 2*z - 4. Let u(h) = h + 9. Let y be u(-4). Suppose b - y = -0. Give v(b).
-14
Suppose 2*n - 3 - 5 = 0. Let a(i) = -8*i - 3. Let r(z) = 9*z - 1. Let h(d) = 4*d - 1. Let x(f) = 5*h(f) - 3*r(f). Let u(g) = 5*a(g) - 6*x(g). Give u(n).
5
Suppose 10*w - 8 - 2 = 0. Let q(v) = 14*v**2 - 2*v + 1. Give q(w).
13
Suppose -2*q - 4 = -0*c - 2*c, 4*c - 15 = -3*q. Suppose -b - 2*b = -15. Suppose 2*j + b = -c*j. Let u(d) = 5*d. Calculate u(j).
-5
Let n(v) = -13*v + 1. Let q be (2/(-8))/((-7)/28). Determine n(q).
-12
Let u = 38 - 41. Let w(j) = 3 - j - 3. What is w(u)?
3
Let y(m) be the second derivative of 3/2*m**2 - 1/6*m**3 + 0 - 5*m. What is y(-3)?
6
Let t(c) = -10*c**3 - 24*c**2 + c - 17. Let d(y) = -3*y**3 - 8*y**2 - 6. Let i(z) = 7*d(z) - 2*t(z). Determine i(-8).
8
Let r be (3/2)/((-1)/(-2)). Let z(c) = -c**r - c + 4 + 2*c - 4*c**2 + 0*c**3. Suppose -6*q + 11*q + 20 = 0. Calculate z(q).
0
Let p(g) be the second derivative of -g**5/20 - g**4/3 - g**3/6 - 12*g. Suppose q - 10 = -1. Suppose -3*i + q + 0 = 2*b, -b = 2*i - 7. Calculate p(b).
-6
Let q(m) = 18*m**2 - 2 - 11*m**2 + m**3 - 2*m**3 - 5*m. Let g(x) = -4*x - 2. Let u be g(-2). Give q(u).
4
Let z = 54 - 323/6. Let j(s) be the third derivative of 0 + z*s**3 + 0*s - 3*s**2 - 1/12*s**4. What is j(1)?
-1
Let u(n) be the second derivative of -n**5/20 + n**4/4 - n**3/3 + n**2 - n. Let i = -6 - -3. Let w = 6 + i. Give u(w).
-4
Let r be (-3 - -7) + 1 + 0. Suppose 5*d + 0 + r = 0. Let q be (d/2)/(2/(-8)). Let s(w) = 3*w**2 - 4*w + 2. What is s(q)?
6
Let k(z) = z - 6. Let v = -18 - -23. What is k(v)?
-1
Let z(w) = -2*w - 3*w - 5 + 6*w - 2*w. Give z(6).
-11
Let k(t) = 3*t - 4. Let c = 16 - 23. Let z(y) = -3*y + 4. Let q(n) = c*z(n) - 6*k(n). Determine q(3).
5
Let y be 3 + -3*(-2 - -1). Let t(a) = -6*a + 3 + 4*a + 3*a. Determine t(y).
9
Let s(g) = -3*g**3 + 2*g**2 - 2*g + 1. Let f = -4 - -5. What is s(f)?
-2
Let f(y) = y**3 + 0*y**3 + 3*y + 6*y**2 - 5*y + y - 5. Determine f(-6).
1
Let g(h) = 6*h + 2. Let f be 22/(-10) - (-2)/10. What is g(f)?
-10
Let u(j) be the second derivative of -1/360*j**6 + 0 - 3*j + 1/40*j**5 + 1/3*j**3 - 1/24*j**4 + 0*j**2. Let b(v) be the second derivative of u(v). Give b(3).
-1
Let h(l) = l**3 - 6*l**2 - 9*l + 8. Let f be h(7). Let x(v) = -v - 9. What is x(f)?
-3
Let h = -10 - -15. Let b(q) = -4*q**2 + 9*q + 3. Let m(d) = 3*d**2 - 8*d - 3. Let u(p) = 2*b(p) + 3*m(p). What is u(h)?
-8
Let u(o) = o + 2. Let d(r) = 1. Let p(v) = -3*d(v) - u(v). Give p(-3).
-2
Suppose -87*c + 12 = -84*c. Let q(g) = g**3 - 4*g**2 + 2*g + 1. Calculate q(c).
9
Let c(a) = 3*a. Let y(f) = f**2 + 5*f + 3. Let u be y(-3). Let g(m) = -7*m - 1. Let h(d) = u*g(d) - 6*c(d). Calculate h(-3).
-6
Let b = 20 + -17. Let s(h) = 374*h**2 - 6*h - 2*h**b - 380*h**2 + 2 + h**3. What is s(-5)?
7
Let u be 0 - (1 + -3) - -1. Let s(r) = -r. Determine s(u).
-3
Let k(d) = -d**3 + 6*d**2 - 6*d + 3. Suppose 4*a = 7 + 9. Suppose 0 = -0*i - a*i + 20. What is k(i)?
-2
Let i(b) = -2*b**3 + 8*b**2 + 12*b - 2. Let c(u) = u**3 - 4*u**2 - 6*u + 1. Let k(y) = 11*c(y) + 6*i(y). What is k(5)?
4
Let a be (-85)/25 - 2/(-5). Let f = a + 8. Let g(p) = -p**2 + 6*p + 6. What is g(f)?
11
Suppose b - 3*d + 6 = 0, -4*b - 8 = -5*d + d. Let r(c) be the third derivative of b*c + 1/60*c**5 - c**2 - 1/6*c**3 + 1/24*c**4 + 0. Give r(-1).
-1
Let a(j) = -6 + 21*j**2 - 20*j**2 + 4. What is a(2)?
2
Suppose 0 = 5*u - 7 + 32. Let z(a) be the second derivative of -1/12*a**4 + a - 5/6*a**3 - a**2 + 0. Determine z(u).
-2
Let i be (-3 + -1)*(-1 - -3). Let w = i - -3. Let a(z) = 5 + 10*z - 5*z + 2 - 4*z. Determine a(w).
2
Suppose 0 = 2*j + j - 12. Let b(n) = -n**3 + 3*n**2 + 2*n + 7. Let t(f) = -f**3 + 3*f**2 + 2*f + 6. Let w(i) = 4*b(i) - 5*t(i). Calculate w(j).
6
Let z(g) = -3 + g + 6 + 0*g - 2. Let n be z(-7). Let y(j) = -j**3 - 7*j**2 - 7*j - 3. Calculate y(n).
3
Suppose 5*y - 70 = -15. Let s(t) = 3*t - y*t**3 - 2 + 5 + 9*t**3 - 2*t**2. Determine s(-2).
5
Let i(m) = 2*m + 0 + 6*m - m**2 - 2. Give i(6).
10
Let z(n) be the second derivative of -n**3/6 + n**2/2 + 18*n. What is z(-5)?
6
Let n(x) = -2*x**2 - 4*x - 2. Suppose -5*f + 1 = -u - 4, 0 = 2*f - 2*u + 6. Suppose 3*t + t - 11 = -3*a, f*a = -3*t + 9. What is n(a)?
-8
Suppose 0 = n + 3*t - 7, -4*n - 3*t + 20 + 8 = 0. Suppose 0 = -3*g + 34 - 10. Let b = g - n. Let f(x) = -3*x + 1. Give f(b).
-2
Let d(j) = -6*j**3 + 4*j**2 - 6*j + 5. Let i(w) = 5*w**3 - 3*w**2 + 5*w - 4. Let r(o) = 3*d(o) + 4*i(o). What is r(1)?
3
Let h(p) = p**2 - p + 1. Let n be h(0). Let w(r) be the first derivative of r**2 - 1. Calculate w(n).
2
Suppose -2*t = -4*s + 3*s + 4, 5*s + 5 = 5*t. Let h(a) = a**3 + 7*a**2 + 6*a - 4. Determine h(s).
-4
Let a(y) = y**3 - 12 - 2*y + 7*y**2 - 9 + 30 - 10. Determine a(-7).
13
Let g(y) be the second derivative of 3*y + y**2 + 0 - 1/3*y**3. Give g(-3).
8
Let h(o) = -o**2 + 7*o + 1. Let g be (-6)/5*(102/(-12) + 6). Determine h(g).
13
Let j(r) be the second derivative of 0 + 1/2*r**2 - 7/6*r**3 + 6*r. Determine j(1).
-6
Let i be ((1 - 1)/(-2))/(-1). Suppose -3*c + c =